{"id":2216,"date":"2021-11-15T22:07:19","date_gmt":"2021-11-15T22:07:19","guid":{"rendered":"https:\/\/ferreralimentacion.com\/centro-logistico\/"},"modified":"2025-02-20T12:07:37","modified_gmt":"2025-02-20T11:07:37","slug":"centre-logistic","status":"publish","type":"page","link":"https:\/\/ferreralimentacion.com\/ca\/centre-logistic\/","title":{"rendered":"Centre log\u00edstic"},"content":{"rendered":"","protected":false},"excerpt":{"rendered":"","protected":false},"author":1,"featured_media":0,"parent":0,"menu_order":0,"comment_status":"closed","ping_status":"closed","template":"page-ferreralimentacion.php","meta":{"footnotes":""},"class_list":["post-2216","page","type-page","status-publish","hentry"],"yoast_head":"<!-- This site is optimized with the Yoast SEO plugin v27.3 - https:\/\/yoast.com\/product\/yoast-seo-wordpress\/ -->\n<title>Centre log\u00edstic - Ferrer Alimentaci\u00f3n<\/title>\n<meta name=\"description\" content=\"Disposem d&#039;instal\u00b7lacions pr\u00f2pies per a emmagatzematge i distribuci\u00f3 i la maquin\u00e0ria i tecnologia oportunes per complir amb els est\u00e0ndards de el sector\" \/>\n<meta name=\"robots\" content=\"index, follow, max-snippet:-1, max-image-preview:large, max-video-preview:-1\" \/>\n<link rel=\"canonical\" href=\"https:\/\/ferreralimentacion.com\/ca\/centre-logistic\/\" \/>\n<meta property=\"og:locale\" content=\"ca_ES\" \/>\n<meta property=\"og:type\" content=\"article\" \/>\n<meta property=\"og:title\" content=\"Centre log\u00edstic - Ferrer Alimentaci\u00f3n\" \/>\n<meta property=\"og:description\" content=\"Disposem d&#039;instal\u00b7lacions pr\u00f2pies per a emmagatzematge i distribuci\u00f3 i la maquin\u00e0ria i tecnologia oportunes per complir amb els est\u00e0ndards de el sector\" \/>\n<meta property=\"og:url\" content=\"https:\/\/ferreralimentacion.com\/ca\/centre-logistic\/\" \/>\n<meta property=\"og:site_name\" content=\"Ferrer Alimentaci\u00f3n\" \/>\n<meta property=\"article:modified_time\" content=\"2025-02-20T11:07:37+00:00\" \/>\n<meta name=\"twitter:card\" content=\"summary_large_image\" \/>\n<script type=\"application\/ld+json\" class=\"yoast-schema-graph\">{\"@context\":\"https:\\\/\\\/schema.org\",\"@graph\":[{\"@type\":\"WebPage\",\"@id\":\"https:\\\/\\\/ferreralimentacion.com\\\/ca\\\/centre-logistic\\\/\",\"url\":\"https:\\\/\\\/ferreralimentacion.com\\\/ca\\\/centre-logistic\\\/\",\"name\":\"Centre log\u00edstic - Ferrer Alimentaci\u00f3n\",\"isPartOf\":{\"@id\":\"https:\\\/\\\/ferreralimentacion.com\\\/#website\"},\"datePublished\":\"2021-11-15T22:07:19+00:00\",\"dateModified\":\"2025-02-20T11:07:37+00:00\",\"description\":\"Disposem d'instal\u00b7lacions pr\u00f2pies per a emmagatzematge i distribuci\u00f3 i la maquin\u00e0ria i tecnologia oportunes per complir amb els est\u00e0ndards de el sector\",\"inLanguage\":\"ca\",\"potentialAction\":[{\"@type\":\"ReadAction\",\"target\":[\"https:\\\/\\\/ferreralimentacion.com\\\/ca\\\/centre-logistic\\\/\"]}]},{\"@type\":\"WebSite\",\"@id\":\"https:\\\/\\\/ferreralimentacion.com\\\/#website\",\"url\":\"https:\\\/\\\/ferreralimentacion.com\\\/\",\"name\":\"Ferrer Alimentaci\u00f3n\",\"description\":\"En Ferrer Alimentaci\u00f3n ofrecemos soluciones integrales en el proceso de creaci\u00f3n de alimentos, una amplio cat\u00e1logo y capacidad de distribuci\u00f3n\",\"publisher\":{\"@id\":\"https:\\\/\\\/ferreralimentacion.com\\\/#organization\"},\"potentialAction\":[{\"@type\":\"SearchAction\",\"target\":{\"@type\":\"EntryPoint\",\"urlTemplate\":\"https:\\\/\\\/ferreralimentacion.com\\\/?s={search_term_string}\"},\"query-input\":{\"@type\":\"PropertyValueSpecification\",\"valueRequired\":true,\"valueName\":\"search_term_string\"}}],\"inLanguage\":\"ca\"},{\"@type\":\"Organization\",\"@id\":\"https:\\\/\\\/ferreralimentacion.com\\\/#organization\",\"name\":\"Ferrer Alimentaci\u00f3n\",\"url\":\"https:\\\/\\\/ferreralimentacion.com\\\/\",\"logo\":{\"@type\":\"ImageObject\",\"inLanguage\":\"ca\",\"@id\":\"https:\\\/\\\/ferreralimentacion.com\\\/#\\\/schema\\\/logo\\\/image\\\/\",\"url\":\"https:\\\/\\\/ferreralimentacion.com\\\/wp-content\\\/uploads\\\/2021\\\/08\\\/logo-ferrer-alimentacion-1.png\",\"contentUrl\":\"https:\\\/\\\/ferreralimentacion.com\\\/wp-content\\\/uploads\\\/2021\\\/08\\\/logo-ferrer-alimentacion-1.png\",\"width\":350,\"height\":33,\"caption\":\"Ferrer Alimentaci\u00f3n\"},\"image\":{\"@id\":\"https:\\\/\\\/ferreralimentacion.com\\\/#\\\/schema\\\/logo\\\/image\\\/\"},\"sameAs\":[\"https:\\\/\\\/www.linkedin.com\\\/company\\\/ferrer-alimentacin-s-a\\\/mycompany\\\/\"]}]}<\/script>\n<!-- \/ Yoast SEO plugin. -->","yoast_head_json":{"title":"Centre log\u00edstic - Ferrer Alimentaci\u00f3n","description":"Disposem d'instal\u00b7lacions pr\u00f2pies per a emmagatzematge i distribuci\u00f3 i la maquin\u00e0ria i tecnologia oportunes per complir amb els est\u00e0ndards de el sector","robots":{"index":"index","follow":"follow","max-snippet":"max-snippet:-1","max-image-preview":"max-image-preview:large","max-video-preview":"max-video-preview:-1"},"canonical":"https:\/\/ferreralimentacion.com\/ca\/centre-logistic\/","og_locale":"ca_ES","og_type":"article","og_title":"Centre log\u00edstic - Ferrer Alimentaci\u00f3n","og_description":"Disposem d'instal\u00b7lacions pr\u00f2pies per a emmagatzematge i distribuci\u00f3 i la maquin\u00e0ria i tecnologia oportunes per complir amb els est\u00e0ndards de el sector","og_url":"https:\/\/ferreralimentacion.com\/ca\/centre-logistic\/","og_site_name":"Ferrer Alimentaci\u00f3n","article_modified_time":"2025-02-20T11:07:37+00:00","twitter_card":"summary_large_image","schema":{"@context":"https:\/\/schema.org","@graph":[{"@type":"WebPage","@id":"https:\/\/ferreralimentacion.com\/ca\/centre-logistic\/","url":"https:\/\/ferreralimentacion.com\/ca\/centre-logistic\/","name":"Centre log\u00edstic - Ferrer Alimentaci\u00f3n","isPartOf":{"@id":"https:\/\/ferreralimentacion.com\/#website"},"datePublished":"2021-11-15T22:07:19+00:00","dateModified":"2025-02-20T11:07:37+00:00","description":"Disposem d'instal\u00b7lacions pr\u00f2pies per a emmagatzematge i distribuci\u00f3 i la maquin\u00e0ria i tecnologia oportunes per complir amb els est\u00e0ndards de el sector","inLanguage":"ca","potentialAction":[{"@type":"ReadAction","target":["https:\/\/ferreralimentacion.com\/ca\/centre-logistic\/"]}]},{"@type":"WebSite","@id":"https:\/\/ferreralimentacion.com\/#website","url":"https:\/\/ferreralimentacion.com\/","name":"Ferrer Alimentaci\u00f3n","description":"En Ferrer Alimentaci\u00f3n ofrecemos soluciones integrales en el proceso de creaci\u00f3n de alimentos, una amplio cat\u00e1logo y capacidad de distribuci\u00f3n","publisher":{"@id":"https:\/\/ferreralimentacion.com\/#organization"},"potentialAction":[{"@type":"SearchAction","target":{"@type":"EntryPoint","urlTemplate":"https:\/\/ferreralimentacion.com\/?s={search_term_string}"},"query-input":{"@type":"PropertyValueSpecification","valueRequired":true,"valueName":"search_term_string"}}],"inLanguage":"ca"},{"@type":"Organization","@id":"https:\/\/ferreralimentacion.com\/#organization","name":"Ferrer Alimentaci\u00f3n","url":"https:\/\/ferreralimentacion.com\/","logo":{"@type":"ImageObject","inLanguage":"ca","@id":"https:\/\/ferreralimentacion.com\/#\/schema\/logo\/image\/","url":"https:\/\/ferreralimentacion.com\/wp-content\/uploads\/2021\/08\/logo-ferrer-alimentacion-1.png","contentUrl":"https:\/\/ferreralimentacion.com\/wp-content\/uploads\/2021\/08\/logo-ferrer-alimentacion-1.png","width":350,"height":33,"caption":"Ferrer Alimentaci\u00f3n"},"image":{"@id":"https:\/\/ferreralimentacion.com\/#\/schema\/logo\/image\/"},"sameAs":["https:\/\/www.linkedin.com\/company\/ferrer-alimentacin-s-a\/mycompany\/"]}]}},"_links":{"self":[{"href":"https:\/\/ferreralimentacion.com\/ca\/wp-json\/wp\/v2\/pages\/2216","targetHints":{"allow":["GET"]}}],"collection":[{"href":"https:\/\/ferreralimentacion.com\/ca\/wp-json\/wp\/v2\/pages"}],"about":[{"href":"https:\/\/ferreralimentacion.com\/ca\/wp-json\/wp\/v2\/types\/page"}],"author":[{"embeddable":true,"href":"https:\/\/ferreralimentacion.com\/ca\/wp-json\/wp\/v2\/users\/1"}],"replies":[{"embeddable":true,"href":"https:\/\/ferreralimentacion.com\/ca\/wp-json\/wp\/v2\/comments?post=2216"}],"version-history":[{"count":14,"href":"https:\/\/ferreralimentacion.com\/ca\/wp-json\/wp\/v2\/pages\/2216\/revisions"}],"predecessor-version":[{"id":5094,"href":"https:\/\/ferreralimentacion.com\/ca\/wp-json\/wp\/v2\/pages\/2216\/revisions\/5094"}],"wp:attachment":[{"href":"https:\/\/ferreralimentacion.com\/ca\/wp-json\/wp\/v2\/media?parent=2216"}],"curies":[{"name":"wp","href":"https:\/\/api.w.org\/{rel}","templated":true}]}}

Centre logístic

<!-- This site is optimized with the Yoast SEO plugin v27.3 - https://yoast.com/product/yoast-seo-wordpress/ -->
<title>Centre logístic - Ferrer Alimentación</title>
<meta name="description" content="Disposem d&#039;instal·lacions pròpies per a emmagatzematge i distribució i la maquinària i tecnologia oportunes per complir amb els estàndards de el sector" />
<meta name="robots" content="index, follow, max-snippet:-1, max-image-preview:large, max-video-preview:-1" />
<link rel="canonical" href="https://ferreralimentacion.com/ca/centre-logistic/" />
<meta property="og:locale" content="ca_ES" />
<meta property="og:type" content="article" />
<meta property="og:title" content="Centre logístic - Ferrer Alimentación" />
<meta property="og:description" content="Disposem d&#039;instal·lacions pròpies per a emmagatzematge i distribució i la maquinària i tecnologia oportunes per complir amb els estàndards de el sector" />
<meta property="og:url" content="https://ferreralimentacion.com/ca/centre-logistic/" />
<meta property="og:site_name" content="Ferrer Alimentación" />
<meta property="article:modified_time" content="2025-02-20T11:07:37+00:00" />
<meta name="twitter:card" content="summary_large_image" />
<script type="application/ld+json" class="yoast-schema-graph">{"@context":"https:\/\/schema.org","@graph":[{"@type":"WebPage","@id":"https:\/\/ferreralimentacion.com\/ca\/centre-logistic\/","url":"https:\/\/ferreralimentacion.com\/ca\/centre-logistic\/","name":"Centre logístic - Ferrer Alimentación","isPartOf":{"@id":"https:\/\/ferreralimentacion.com\/#website"},"datePublished":"2021-11-15T22:07:19+00:00","dateModified":"2025-02-20T11:07:37+00:00","description":"Disposem d'instal·lacions pròpies per a emmagatzematge i distribució i la maquinària i tecnologia oportunes per complir amb els estàndards de el sector","inLanguage":"ca","potentialAction":[{"@type":"ReadAction","target":["https:\/\/ferreralimentacion.com\/ca\/centre-logistic\/"]}]},{"@type":"WebSite","@id":"https:\/\/ferreralimentacion.com\/#website","url":"https:\/\/ferreralimentacion.com\/","name":"Ferrer Alimentación","description":"En Ferrer Alimentación ofrecemos soluciones integrales en el proceso de creación de alimentos, una amplio catálogo y capacidad de distribución","publisher":{"@id":"https:\/\/ferreralimentacion.com\/#organization"},"potentialAction":[{"@type":"SearchAction","target":{"@type":"EntryPoint","urlTemplate":"https:\/\/ferreralimentacion.com\/?s={search_term_string}"},"query-input":{"@type":"PropertyValueSpecification","valueRequired":true,"valueName":"search_term_string"}}],"inLanguage":"ca"},{"@type":"Organization","@id":"https:\/\/ferreralimentacion.com\/#organization","name":"Ferrer Alimentación","url":"https:\/\/ferreralimentacion.com\/","logo":{"@type":"ImageObject","inLanguage":"ca","@id":"https:\/\/ferreralimentacion.com\/#\/schema\/logo\/image\/","url":"https:\/\/ferreralimentacion.com\/wp-content\/uploads\/2021\/08\/logo-ferrer-alimentacion-1.png","contentUrl":"https:\/\/ferreralimentacion.com\/wp-content\/uploads\/2021\/08\/logo-ferrer-alimentacion-1.png","width":350,"height":33,"caption":"Ferrer Alimentación"},"image":{"@id":"https:\/\/ferreralimentacion.com\/#\/schema\/logo\/image\/"},"sameAs":["https:\/\/www.linkedin.com\/company\/ferrer-alimentacin-s-a\/mycompany\/"]}]}</script>
<!-- / Yoast SEO plugin. -->

Centre logístic - Ferrer Alimentación

Disposem d'instal·lacions pròpies per a emmagatzematge i distribució i la maquinària i tecnologia oportunes per complir amb els estàndards de el sector

Ferrer Alimentación

En Ferrer Alimentación ofrecemos soluciones integrales en el proceso de creación de alimentos, una amplio catálogo y capacidad de distribución
